{"id":103,"date":"2023-04-01T09:37:08","date_gmt":"2023-04-01T07:37:08","guid":{"rendered":"https:\/\/www.fiebrandt.de\/alexander\/?page_id=103"},"modified":"2023-04-12T11:04:11","modified_gmt":"2023-04-12T09:04:11","slug":"ueber-mich","status":"publish","type":"page","link":"https:\/\/www.fiebrandt.de\/alexander\/ueber-mich\/","title":{"rendered":"\u00dcber mich"},"content":{"rendered":"<div class=\"wp-block-image is-style-rounded\">\n<figure class=\"aligncenter size-full is-resized\"><img loading=\"lazy\" decoding=\"async\" src=\"https:\/\/www.fiebrandt.de\/alexander\/wp-content\/uploads\/IMG_1670-1.jpg\" alt=\"\" class=\"wp-image-249\" width=\"500\" height=\"272\" srcset=\"https:\/\/www.fiebrandt.de\/alexander\/wp-content\/uploads\/IMG_1670-1.jpg 1000w, https:\/\/www.fiebrandt.de\/alexander\/wp-content\/uploads\/IMG_1670-1-768x418.jpg 768w, https:\/\/www.fiebrandt.de\/alexander\/wp-content\/uploads\/IMG_1670-1-300x163.jpg 300w\" sizes=\"auto, (max-width: 500px) 100vw, 500px\" \/><\/figure>\n<\/div>\n\n\n<div style=\"height:100px\" aria-hidden=\"true\" class=\"wp-block-spacer\"><\/div>\n\n\n\n<p class=\"has-medium-font-size\">Geboren 1968 in R\u00fcsselsheim\/Main. Abitur 1987, Wehrdienst bei der Marine, Studium der Volkswirtschaftslehre in Mainz und Trier 1988-1995. Von 2002-2005 in Berlin, 2006 in Mainz, seit 2007 in Frankfurt\/Main. Seit 2020 habe ich die Zertifizierung als Scrum Master (EXIN) und seit 2022 als Lehrer f\u00fcr Deutsch als Fremdsprache (DaF-Zulassung durch Goethe-Institut und BAMF). <\/p>\n\n\n\n<div style=\"height:100px\" aria-hidden=\"true\" class=\"wp-block-spacer\"><\/div>\n\n\n<div class=\"wp-block-image\">\n<figure class=\"aligncenter size-large is-resized\"><img loading=\"lazy\" decoding=\"async\" src=\"https:\/\/www.fiebrandt.de\/alexander\/wp-content\/uploads\/MDS_13_Obergefreiter_30_L.svg_-410x1024.png\" alt=\"\" class=\"wp-image-6\" width=\"103\" height=\"256\" srcset=\"https:\/\/www.fiebrandt.de\/alexander\/wp-content\/uploads\/MDS_13_Obergefreiter_30_L.svg_-410x1024.png 410w, https:\/\/www.fiebrandt.de\/alexander\/wp-content\/uploads\/MDS_13_Obergefreiter_30_L.svg_-768x1917.png 768w, https:\/\/www.fiebrandt.de\/alexander\/wp-content\/uploads\/MDS_13_Obergefreiter_30_L.svg_-615x1536.png 615w, https:\/\/www.fiebrandt.de\/alexander\/wp-content\/uploads\/MDS_13_Obergefreiter_30_L.svg_.png 800w\" sizes=\"auto, (max-width: 103px) 100vw, 103px\" \/><\/figure>\n<\/div>\n\n\n<div style=\"height:100px\" aria-hidden=\"true\" class=\"wp-block-spacer\"><\/div>\n\n\n\n<p class=\"has-medium-font-size\">Ich habe freiwillig mehrere Sprachen gelernt. Und dazu z\u00e4hlt nicht Englisch oder Latein, das ich in der Schule hatte. An der Uni habe ich, dank Intensivkurs und Aufenthalt in Salamanca, binnen eines Jahres ordentliches Spanisch gelernt. Ich brauchte nach der Uni Franz\u00f6sisch f\u00fcr einen l\u00e4ngeren Auslandsaufenthalt in Tunesien. Das habe ich privat in Trier gelernt. In El-Kef\/Tunesien auch etwas Arabisch gelernt. Sp\u00e4ter Niederl\u00e4ndisch und Italienisch. Dann Kroatisch durch meine Frau. Es stehen noch folgende Sprachkurse in meinem B\u00fccherschrank: Polnisch und Japanisch. Und ich m\u00f6chte unbedingt noch eine skandinavische Sprache erlernen. <a href=\"https:\/\/www.fiebrandt.de\/alexander\/category\/sprachen\/\" data-type=\"category\" data-id=\"6\">Alle meine Beitr\u00e4ge zum Thema &#8220;Sprachen&#8221;<\/a>.<\/p>\n\n\n\n<div style=\"height:100px\" aria-hidden=\"true\" class=\"wp-block-spacer\"><\/div>\n\n\n<div class=\"wp-block-image is-style-default\">\n<figure class=\"aligncenter size-full is-resized\"><img loading=\"lazy\" decoding=\"async\" src=\"https:\/\/www.fiebrandt.de\/alexander\/wp-content\/uploads\/webFacebook-4891.jpg\" alt=\"\" class=\"wp-image-35\" width=\"167\" height=\"250\" srcset=\"https:\/\/www.fiebrandt.de\/alexander\/wp-content\/uploads\/webFacebook-4891.jpg 667w, https:\/\/www.fiebrandt.de\/alexander\/wp-content\/uploads\/webFacebook-4891-200x300.jpg 200w\" sizes=\"auto, (max-width: 167px) 100vw, 167px\" \/><\/figure>\n<\/div>\n\n\n<div style=\"height:100px\" aria-hidden=\"true\" class=\"wp-block-spacer\"><\/div>\n\n\n\n<p class=\"has-medium-font-size\">Dabei hilft Musik! Lieder in anderen Sprachen zu spielen oder zu singen, macht viel Spass und unterst\u00fctzt das Lernen. Ich hatte das Gl\u00fcck, dass ich in einem musikalischen Elternhaus aufwuchs. So lernte ich mit ca. 10 Jahren Mandoline und mit 12 Jahren Schlagzeug. Ein ehemaliger Sch\u00fcler meines Vaters, Drummer in einer Band, war f\u00fcr ca 2 Jahre mein Lehrer, kam einmal die Woche vorbei, brachte Schlagzeugnoten mit und brachte es mir bei. Ich habe dann sp\u00e4ter im Selbststudium auch Gitarre und Bass gelernt und bringe mir seit 2020 Klavier bei. Durch einen <a href=\"https:\/\/www.fiebrandt.de\/alexander\/ein-leben-voller-mopeds\/\" data-type=\"page\" data-id=\"112\">Motorradunfall<\/a> ist meine linke Hand leider nicht mehr in der Lage das Griffbrett eines Saiteninstrumentes zu erreichen. Das ist tragisch, dennoch bin ich froh \u00fcber die schwarz-wei\u00dfen Tasten, denen ich immer mehr zu entlocken vermag.<\/p>\n\n\n\n<div class=\"wp-block-buttons is-layout-flex wp-block-buttons-is-layout-flex\">\n<div class=\"wp-block-button is-style-default\"><a class=\"wp-block-button__link has-nv-site-bg-color has-nv-dark-bg-background-color has-text-color has-background wp-element-button\" href=\"https:\/\/www.fiebrandt.de\/alexander\/alle-beitraege\/\">Mein Blogbeitr\u00e4ge querbeet durch alle Themen<\/a><\/div>\n<\/div>\n\n\n\n<div style=\"height:100px\" aria-hidden=\"true\" class=\"wp-block-spacer\"><\/div>\n\n\n\n<figure class=\"wp-block-gallery has-nested-images columns-default is-cropped wp-block-gallery-1 is-layout-flex wp-block-gallery-is-layout-flex\">\n<figure class=\"wp-block-image size-full\"><img loading=\"lazy\" decoding=\"async\" width=\"2560\" height=\"2058\" data-id=\"454\" src=\"https:\/\/www.fiebrandt.de\/alexander\/wp-content\/uploads\/26-19620721-Schwester-Hildeg.-mit-Dieter-Fiebrand-E14-scaled.jpg\" alt=\"\" class=\"wp-image-454\" srcset=\"https:\/\/www.fiebrandt.de\/alexander\/wp-content\/uploads\/26-19620721-Schwester-Hildeg.-mit-Dieter-Fiebrand-E14-scaled.jpg 2560w, https:\/\/www.fiebrandt.de\/alexander\/wp-content\/uploads\/26-19620721-Schwester-Hildeg.-mit-Dieter-Fiebrand-E14-768x617.jpg 768w, https:\/\/www.fiebrandt.de\/alexander\/wp-content\/uploads\/26-19620721-Schwester-Hildeg.-mit-Dieter-Fiebrand-E14-1536x1235.jpg 1536w, https:\/\/www.fiebrandt.de\/alexander\/wp-content\/uploads\/26-19620721-Schwester-Hildeg.-mit-Dieter-Fiebrand-E14-2048x1646.jpg 2048w\" sizes=\"auto, (max-width: 2560px) 100vw, 2560px\" \/><figcaption class=\"wp-element-caption\">Meine Eltern ca. 1963<\/figcaption><\/figure>\n\n\n\n<figure class=\"wp-block-image size-full\"><img loading=\"lazy\" decoding=\"async\" width=\"2560\" height=\"1920\" data-id=\"17\" src=\"https:\/\/www.fiebrandt.de\/alexander\/wp-content\/uploads\/IMG_2991-Einschulung-scaled.jpg\" alt=\"\" class=\"wp-image-17\" srcset=\"https:\/\/www.fiebrandt.de\/alexander\/wp-content\/uploads\/IMG_2991-Einschulung-scaled.jpg 2560w, https:\/\/www.fiebrandt.de\/alexander\/wp-content\/uploads\/IMG_2991-Einschulung-300x225.jpg 300w, https:\/\/www.fiebrandt.de\/alexander\/wp-content\/uploads\/IMG_2991-Einschulung-1024x768.jpg 1024w, https:\/\/www.fiebrandt.de\/alexander\/wp-content\/uploads\/IMG_2991-Einschulung-768x576.jpg 768w, https:\/\/www.fiebrandt.de\/alexander\/wp-content\/uploads\/IMG_2991-Einschulung-1536x1152.jpg 1536w, https:\/\/www.fiebrandt.de\/alexander\/wp-content\/uploads\/IMG_2991-Einschulung-2048x1536.jpg 2048w\" sizes=\"auto, (max-width: 2560px) 100vw, 2560px\" \/><figcaption class=\"wp-element-caption\">Meine Einschulung 1974<\/figcaption><\/figure>\n<\/figure>\n\n\n\n<div style=\"height:100px\" aria-hidden=\"true\" class=\"wp-block-spacer\"><\/div>\n\n\n\n<p>In Gedenken an meine Schwester Katrin Fiebrandt (14.04.1969 &#8211; 15.06.2000) <\/p>\n","protected":false},"excerpt":{"rendered":"<p>Geboren 1968 in R\u00fcsselsheim\/Main. Abitur 1987, Wehrdienst bei der Marine, Studium der Volkswirtschaftslehre in Mainz und Trier 1988-1995. Von 2002-2005 in Berlin, 2006 in Mainz, seit 2007 in Frankfurt\/Main. Seit 2020 habe ich die Zertifizierung als Scrum Master (EXIN) und seit 2022 als Lehrer f\u00fcr Deutsch als Fremdsprache (DaF-Zulassung durch Goethe-Institut und BAMF). Ich habe&hellip;&nbsp;<a href=\"https:\/\/www.fiebrandt.de\/alexander\/ueber-mich\/\" class=\"\" rel=\"bookmark\">Weiterlesen &raquo;<span class=\"screen-reader-text\">\u00dcber mich<\/span><\/a><\/p>\n","protected":false},"author":1,"featured_media":249,"parent":0,"menu_order":0,"comment_status":"closed","ping_status":"closed","template":"","meta":{"neve_meta_sidebar":"","neve_meta_container":"","neve_meta_enable_content_width":"","neve_meta_content_width":0,"neve_meta_title_alignment":"","neve_meta_author_avatar":"","neve_post_elements_order":"","neve_meta_disable_header":"","neve_meta_disable_footer":"","neve_meta_disable_title":"","footnotes":""},"class_list":["post-103","page","type-page","status-publish","has-post-thumbnail","hentry"],"_links":{"self":[{"href":"https:\/\/www.fiebrandt.de\/alexander\/wp-json\/wp\/v2\/pages\/103","targetHints":{"allow":["GET"]}}],"collection":[{"href":"https:\/\/www.fiebrandt.de\/alexander\/wp-json\/wp\/v2\/pages"}],"about":[{"href":"https:\/\/www.fiebrandt.de\/alexander\/wp-json\/wp\/v2\/types\/page"}],"author":[{"embeddable":true,"href":"https:\/\/www.fiebrandt.de\/alexander\/wp-json\/wp\/v2\/users\/1"}],"replies":[{"embeddable":true,"href":"https:\/\/www.fiebrandt.de\/alexander\/wp-json\/wp\/v2\/comments?post=103"}],"version-history":[{"count":46,"href":"https:\/\/www.fiebrandt.de\/alexander\/wp-json\/wp\/v2\/pages\/103\/revisions"}],"predecessor-version":[{"id":912,"href":"https:\/\/www.fiebrandt.de\/alexander\/wp-json\/wp\/v2\/pages\/103\/revisions\/912"}],"wp:featuredmedia":[{"embeddable":true,"href":"https:\/\/www.fiebrandt.de\/alexander\/wp-json\/wp\/v2\/media\/249"}],"wp:attachment":[{"href":"https:\/\/www.fiebrandt.de\/alexander\/wp-json\/wp\/v2\/media?parent=103"}],"curies":[{"name":"wp","href":"https:\/\/api.w.org\/{rel}","templated":true}]}}

Über mich

<div class="wp-block-image is-style-rounded">
<figure class="aligncenter size-full is-resized"><img loading="lazy" decoding="async" src="https://www.fiebrandt.de/alexander/wp-content/uploads/IMG_1670-1.jpg" alt="" class="wp-image-249" width="500" height="272" srcset="https://www.fiebrandt.de/alexander/wp-content/uploads/IMG_1670-1.jpg 1000w, https://www.fiebrandt.de/alexander/wp-content/uploads/IMG_1670-1-768x418.jpg 768w, https://www.fiebrandt.de/alexander/wp-content/uploads/IMG_1670-1-300x163.jpg 300w" sizes="auto, (max-width: 500px) 100vw, 500px" /></figure>
</div>


<div style="height:100px" aria-hidden="true" class="wp-block-spacer"></div>



<p class="has-medium-font-size">Geboren 1968 in Rüsselsheim/Main. Abitur 1987, Wehrdienst bei der Marine, Studium der Volkswirtschaftslehre in Mainz und Trier 1988-1995. Von 2002-2005 in Berlin, 2006 in Mainz, seit 2007 in Frankfurt/Main. Seit 2020 habe ich die Zertifizierung als Scrum Master (EXIN) und seit 2022 als Lehrer für Deutsch als Fremdsprache (DaF-Zulassung durch Goethe-Institut und BAMF). </p>



<div style="height:100px" aria-hidden="true" class="wp-block-spacer"></div>


<div class="wp-block-image">
<figure class="aligncenter size-large is-resized"><img loading="lazy" decoding="async" src="https://www.fiebrandt.de/alexander/wp-content/uploads/MDS_13_Obergefreiter_30_L.svg_-410x1024.png" alt="" class="wp-image-6" width="103" height="256" srcset="https://www.fiebrandt.de/alexander/wp-content/uploads/MDS_13_Obergefreiter_30_L.svg_-410x1024.png 410w, https://www.fiebrandt.de/alexander/wp-content/uploads/MDS_13_Obergefreiter_30_L.svg_-768x1917.png 768w, https://www.fiebrandt.de/alexander/wp-content/uploads/MDS_13_Obergefreiter_30_L.svg_-615x1536.png 615w, https://www.fiebrandt.de/alexander/wp-content/uploads/MDS_13_Obergefreiter_30_L.svg_.png 800w" sizes="auto, (max-width: 103px) 100vw, 103px" /></figure>
</div>


<div style="height:100px" aria-hidden="true" class="wp-block-spacer"></div>



<p class="has-medium-font-size">Ich habe freiwillig mehrere Sprachen gelernt. Und dazu zählt nicht Englisch oder Latein, das ich in der Schule hatte. An der Uni habe ich, dank Intensivkurs und Aufenthalt in Salamanca, binnen eines Jahres ordentliches Spanisch gelernt. Ich brauchte nach der Uni Französisch für einen längeren Auslandsaufenthalt in Tunesien. Das habe ich privat in Trier gelernt. In El-Kef/Tunesien auch etwas Arabisch gelernt. Später Niederländisch und Italienisch. Dann Kroatisch durch meine Frau. Es stehen noch folgende Sprachkurse in meinem Bücherschrank: Polnisch und Japanisch. Und ich möchte unbedingt noch eine skandinavische Sprache erlernen. <a href="https://www.fiebrandt.de/alexander/category/sprachen/" data-type="category" data-id="6">Alle meine Beiträge zum Thema &#8220;Sprachen&#8221;</a>.</p>



<div style="height:100px" aria-hidden="true" class="wp-block-spacer"></div>


<div class="wp-block-image is-style-default">
<figure class="aligncenter size-full is-resized"><img loading="lazy" decoding="async" src="https://www.fiebrandt.de/alexander/wp-content/uploads/webFacebook-4891.jpg" alt="" class="wp-image-35" width="167" height="250" srcset="https://www.fiebrandt.de/alexander/wp-content/uploads/webFacebook-4891.jpg 667w, https://www.fiebrandt.de/alexander/wp-content/uploads/webFacebook-4891-200x300.jpg 200w" sizes="auto, (max-width: 167px) 100vw, 167px" /></figure>
</div>


<div style="height:100px" aria-hidden="true" class="wp-block-spacer"></div>



<p class="has-medium-font-size">Dabei hilft Musik! Lieder in anderen Sprachen zu spielen oder zu singen, macht viel Spass und unterstützt das Lernen. Ich hatte das Glück, dass ich in einem musikalischen Elternhaus aufwuchs. So lernte ich mit ca. 10 Jahren Mandoline und mit 12 Jahren Schlagzeug. Ein ehemaliger Schüler meines Vaters, Drummer in einer Band, war für ca 2 Jahre mein Lehrer, kam einmal die Woche vorbei, brachte Schlagzeugnoten mit und brachte es mir bei. Ich habe dann später im Selbststudium auch Gitarre und Bass gelernt und bringe mir seit 2020 Klavier bei. Durch einen <a href="https://www.fiebrandt.de/alexander/ein-leben-voller-mopeds/" data-type="page" data-id="112">Motorradunfall</a> ist meine linke Hand leider nicht mehr in der Lage das Griffbrett eines Saiteninstrumentes zu erreichen. Das ist tragisch, dennoch bin ich froh über die schwarz-weißen Tasten, denen ich immer mehr zu entlocken vermag.</p>



<div class="wp-block-buttons is-layout-flex wp-block-buttons-is-layout-flex">
<div class="wp-block-button is-style-default"><a class="wp-block-button__link has-nv-site-bg-color has-nv-dark-bg-background-color has-text-color has-background wp-element-button" href="https://www.fiebrandt.de/alexander/alle-beitraege/">Mein Blogbeiträge querbeet durch alle Themen</a></div>
</div>



<div style="height:100px" aria-hidden="true" class="wp-block-spacer"></div>



<figure class="wp-block-gallery has-nested-images columns-default is-cropped wp-block-gallery-1 is-layout-flex wp-block-gallery-is-layout-flex">
<figure class="wp-block-image size-full"><img loading="lazy" decoding="async" width="2560" height="2058" data-id="454" src="https://www.fiebrandt.de/alexander/wp-content/uploads/26-19620721-Schwester-Hildeg.-mit-Dieter-Fiebrand-E14-scaled.jpg" alt="" class="wp-image-454" srcset="https://www.fiebrandt.de/alexander/wp-content/uploads/26-19620721-Schwester-Hildeg.-mit-Dieter-Fiebrand-E14-scaled.jpg 2560w, https://www.fiebrandt.de/alexander/wp-content/uploads/26-19620721-Schwester-Hildeg.-mit-Dieter-Fiebrand-E14-768x617.jpg 768w, https://www.fiebrandt.de/alexander/wp-content/uploads/26-19620721-Schwester-Hildeg.-mit-Dieter-Fiebrand-E14-1536x1235.jpg 1536w, https://www.fiebrandt.de/alexander/wp-content/uploads/26-19620721-Schwester-Hildeg.-mit-Dieter-Fiebrand-E14-2048x1646.jpg 2048w" sizes="auto, (max-width: 2560px) 100vw, 2560px" /><figcaption class="wp-element-caption">Meine Eltern ca. 1963</figcaption></figure>



<figure class="wp-block-image size-full"><img loading="lazy" decoding="async" width="2560" height="1920" data-id="17" src="https://www.fiebrandt.de/alexander/wp-content/uploads/IMG_2991-Einschulung-scaled.jpg" alt="" class="wp-image-17" srcset="https://www.fiebrandt.de/alexander/wp-content/uploads/IMG_2991-Einschulung-scaled.jpg 2560w, https://www.fiebrandt.de/alexander/wp-content/uploads/IMG_2991-Einschulung-300x225.jpg 300w, https://www.fiebrandt.de/alexander/wp-content/uploads/IMG_2991-Einschulung-1024x768.jpg 1024w, https://www.fiebrandt.de/alexander/wp-content/uploads/IMG_2991-Einschulung-768x576.jpg 768w, https://www.fiebrandt.de/alexander/wp-content/uploads/IMG_2991-Einschulung-1536x1152.jpg 1536w, https://www.fiebrandt.de/alexander/wp-content/uploads/IMG_2991-Einschulung-2048x1536.jpg 2048w" sizes="auto, (max-width: 2560px) 100vw, 2560px" /><figcaption class="wp-element-caption">Meine Einschulung 1974</figcaption></figure>
</figure>



<div style="height:100px" aria-hidden="true" class="wp-block-spacer"></div>



<p>In Gedenken an meine Schwester Katrin Fiebrandt (14.04.1969 &#8211; 15.06.2000) </p>

<p>Geboren 1968 in Rüsselsheim/Main. Abitur 1987, Wehrdienst bei der Marine, Studium der Volkswirtschaftslehre in Mainz und Trier 1988-1995. Von 2002-2005 in Berlin, 2006 in Mainz, seit 2007 in Frankfurt/Main. Seit 2020 habe ich die Zertifizierung als Scrum Master (EXIN) und seit 2022 als Lehrer für Deutsch als Fremdsprache (DaF-Zulassung durch Goethe-Institut und BAMF). Ich habe&hellip;&nbsp;<a href="https://www.fiebrandt.de/alexander/ueber-mich/" class="" rel="bookmark">Weiterlesen &raquo;<span class="screen-reader-text">Über mich</span></a></p>
