{"id":165,"date":"2023-04-01T19:31:48","date_gmt":"2023-04-01T17:31:48","guid":{"rendered":"https:\/\/www.fiebrandt.de\/alexander\/?page_id=165"},"modified":"2023-04-12T04:54:03","modified_gmt":"2023-04-12T02:54:03","slug":"mediathek","status":"publish","type":"page","link":"https:\/\/www.fiebrandt.de\/alexander\/mediathek\/","title":{"rendered":"Mediathek"},"content":{"rendered":"\n<h2 class=\"wp-block-heading\">Video<\/h2>\n\n\n\n<div class=\"wp-block-columns is-layout-flex wp-container-core-columns-is-layout-9d6595d7 wp-block-columns-is-layout-flex\">\n<div class=\"wp-block-column is-layout-flow wp-block-column-is-layout-flow\">\n<figure class=\"wp-block-embed is-type-video is-provider-youtube wp-block-embed-youtube wp-embed-aspect-16-9 wp-has-aspect-ratio\"><div class=\"wp-block-embed__wrapper\">\n<div class=\"nv-iframe-embed\"><iframe loading=\"lazy\" title=\"Moto Guzzi Motorcycle Solo Trip. Italy (Sicily), Croatia, Switzerland and Austria\" width=\"1200\" height=\"675\" src=\"https:\/\/www.youtube.com\/embed\/SQKMO3RzfLo?feature=oembed\" frameborder=\"0\" allow=\"accelerometer; autoplay; clipboard-write; encrypted-media; gyroscope; picture-in-picture; web-share\" allowfullscreen><\/iframe><\/div>\n<\/div><figcaption class=\"wp-element-caption\">Meine Guzzi-Tour nach Sizillien und Kroatien 2017<\/figcaption><\/figure>\n<\/div>\n\n\n\n<div class=\"wp-block-column is-layout-flow wp-block-column-is-layout-flow\">\n<figure class=\"wp-block-embed is-type-video is-provider-youtube wp-block-embed-youtube wp-embed-aspect-16-9 wp-has-aspect-ratio\"><div class=\"wp-block-embed__wrapper\">\n<div class=\"nv-iframe-embed\"><iframe loading=\"lazy\" title=\"Meet me in the Garden (Candy Sunkiss feat. WG Mau)\" width=\"1200\" height=\"675\" src=\"https:\/\/www.youtube.com\/embed\/gNSs7PKcf-A?feature=oembed\" frameborder=\"0\" allow=\"accelerometer; autoplay; clipboard-write; encrypted-media; gyroscope; picture-in-picture; web-share\" allowfullscreen><\/iframe><\/div>\n<\/div><figcaption class=\"wp-element-caption\">Meine Nummer &#8220;Meet me in the Garden&#8221; mit George, Pascal und Ramon 2022 neu eingespielt.<\/figcaption><\/figure>\n<\/div>\n<\/div>\n\n\n\n<div class=\"wp-block-columns is-layout-flex wp-container-core-columns-is-layout-9d6595d7 wp-block-columns-is-layout-flex\">\n<div class=\"wp-block-column is-layout-flow wp-block-column-is-layout-flow\">\n<figure class=\"wp-block-video\"><video height=\"540\" style=\"aspect-ratio: 960 \/ 540;\" width=\"960\" controls src=\"https:\/\/www.fiebrandt.de\/alexander\/wp-content\/uploads\/fstorm_edit.mp4\"><\/video><figcaption class=\"wp-element-caption\">2016 Am Bass bei Firestrom im DAS BETT Frankfurt. &#8220;Whiskey, Women and Beer&#8221;. Nat\u00fcrlich war es ein gro\u00dfer Spa\u00df.<\/figcaption><\/figure>\n\n\n\n<p class=\"has-medium-font-size\"><\/p>\n<\/div>\n\n\n\n<div class=\"wp-block-column is-layout-flow wp-block-column-is-layout-flow\">\n<figure class=\"wp-block-video\"><video height=\"720\" style=\"aspect-ratio: 960 \/ 720;\" width=\"960\" controls src=\"https:\/\/www.fiebrandt.de\/alexander\/wp-content\/uploads\/2014-Lindley-Session.mov\"><\/video><figcaption class=\"wp-element-caption\">2012 Session mit Toni und George im alten Proberaum. &#8220;Problems&#8221; von den Sex Pistols. Eine seltene Aufnahme mit mir am Schlagzeug.<\/figcaption><\/figure>\n<\/div>\n<\/div>\n\n\n\n<div class=\"wp-block-columns is-layout-flex wp-container-core-columns-is-layout-9d6595d7 wp-block-columns-is-layout-flex\">\n<div class=\"wp-block-column is-layout-flow wp-block-column-is-layout-flow\">\n<figure class=\"wp-block-video\"><video height=\"240\" style=\"aspect-ratio: 352 \/ 240;\" width=\"352\" controls src=\"https:\/\/www.fiebrandt.de\/alexander\/wp-content\/uploads\/musik_idols_running-train.mp4\"><\/video><\/figure>\n\n\n\n<p class=\"has-medium-font-size\"><\/p>\n<\/div>\n\n\n\n<div class=\"wp-block-column is-layout-flow wp-block-column-is-layout-flow\">\n<figure class=\"wp-block-video\"><video height=\"352\" style=\"aspect-ratio: 640 \/ 352;\" width=\"640\" controls src=\"https:\/\/www.fiebrandt.de\/alexander\/wp-content\/uploads\/firestorm-mit-yanneck.mp4\"><\/video><figcaption class=\"wp-element-caption\">2016\/2017 In Erinnerung an Yanneck Sorge (rechts am Rand mit der Gitarre). Wir werden ihn leider nie wieder so h\u00f6ren.<\/figcaption><\/figure>\n\n\n\n<p class=\"has-medium-font-size\"><\/p>\n<\/div>\n<\/div>\n\n\n\n<h2 class=\"wp-block-heading\">Audio<\/h2>\n\n\n\n<p class=\"has-medium-font-size\">Hier aus dem Archiv ein paar eigene Songs und ausgew\u00e4hlte Aufnahmen der letzten 20 Jahre.<\/p>\n\n\n\n<div class=\"wp-block-columns is-layout-flex wp-container-core-columns-is-layout-9d6595d7 wp-block-columns-is-layout-flex\">\n<div class=\"wp-block-column is-layout-flow wp-block-column-is-layout-flow\" style=\"flex-basis:33.34%\">\n<p class=\"has-small-font-size\"><strong>Das funktioniert nicht<br><\/strong>2020 Homestudio Logic Pro<br>\u00a9 Alexander Fiebrandt<\/p>\n\n\n\n<figure class=\"wp-block-image size-full is-resized\"><img loading=\"lazy\" decoding=\"async\" src=\"https:\/\/www.fiebrandt.de\/alexander\/wp-content\/uploads\/Walstudio_small.jpg\" alt=\"\" class=\"wp-image-631\" width=\"125\" height=\"50\"\/><\/figure>\n\n\n\n<figure class=\"wp-block-audio\"><audio controls src=\"https:\/\/www.fiebrandt.de\/alexander\/wp-content\/uploads\/cs-dasfunktioniertnicht.mp3\"><\/audio><\/figure>\n<\/div>\n\n\n\n<div class=\"wp-block-column is-layout-flow wp-block-column-is-layout-flow\" style=\"flex-basis:33.34%\">\n<p class=\"has-small-font-size\"><strong>Come together<br><\/strong>2020 Homestudio Logic Pro<br>(Beatles Cover)<\/p>\n\n\n\n<figure class=\"wp-block-image size-full is-resized\"><img loading=\"lazy\" decoding=\"async\" src=\"https:\/\/www.fiebrandt.de\/alexander\/wp-content\/uploads\/Walstudio_small.jpg\" alt=\"\" class=\"wp-image-631\" width=\"125\" height=\"50\"\/><\/figure>\n\n\n\n<figure class=\"wp-block-audio\"><audio controls src=\"https:\/\/www.fiebrandt.de\/alexander\/wp-content\/uploads\/cs-Come_together.mp3\"><\/audio><\/figure>\n<\/div>\n\n\n\n<div class=\"wp-block-column is-layout-flow wp-block-column-is-layout-flow\" style=\"flex-basis:33.33%\">\n<p class=\"has-small-font-size\"><strong>Rock Hooray<br><\/strong>2020 Homestudio Logic Pro<br>\u00a9 Alexander Fiebrandt<\/p>\n\n\n\n<figure class=\"wp-block-image size-full is-resized\"><img loading=\"lazy\" decoding=\"async\" src=\"https:\/\/www.fiebrandt.de\/alexander\/wp-content\/uploads\/Walstudio_small.jpg\" alt=\"\" class=\"wp-image-631\" width=\"125\" height=\"50\"\/><\/figure>\n\n\n\n<figure class=\"wp-block-audio\"><audio controls src=\"https:\/\/www.fiebrandt.de\/alexander\/wp-content\/uploads\/cs-rockhooray.mp3\"><\/audio><\/figure>\n<\/div>\n<\/div>\n\n\n\n<div style=\"height:100px\" aria-hidden=\"true\" class=\"wp-block-spacer\"><\/div>\n\n\n\n<div class=\"wp-block-columns has-nv-light-bg-background-color has-background is-layout-flex wp-container-core-columns-is-layout-9d6595d7 wp-block-columns-is-layout-flex\">\n<div class=\"wp-block-column is-layout-flow wp-block-column-is-layout-flow\">\n<p class=\"has-small-font-size\"><strong>Vita je u \u0161koli (Kroatisches Kinderlied)<br><\/strong>2019 Homestudio Logic Pro<br>\u00a9 Alexander Fiebrandt<\/p>\n\n\n\n<p class=\"has-small-font-size\">Dieses Lied haben Tanja und ich 2020 geschrieben und aufgenommen. Es ist ein kroatisches Kinderlied geworden und ein Geschenk an unsere Nichte.<\/p>\n\n\n\n<div class=\"wp-block-buttons is-layout-flex wp-block-buttons-is-layout-flex\">\n<div class=\"wp-block-button\"><a class=\"wp-block-button__link has-nv-site-bg-color has-text-color wp-element-button\" href=\"https:\/\/www.fiebrandt.de\/alexander\/kinderlied-zur-einschulung-unserer-nichte\/\">Version mit Text \/ Za hrvatskom tekst<\/a><\/div>\n<\/div>\n<\/div>\n\n\n\n<div class=\"wp-block-column is-vertically-aligned-top is-layout-flow wp-block-column-is-layout-flow\">\n<figure class=\"wp-block-audio\"><audio controls src=\"https:\/\/www.fiebrandt.de\/alexander\/wp-content\/uploads\/Vitajeuskoli.mp3\"><\/audio><\/figure>\n<\/div>\n<\/div>\n\n\n\n<div style=\"height:100px\" aria-hidden=\"true\" class=\"wp-block-spacer\"><\/div>\n\n\n\n<div class=\"wp-block-columns has-nv-site-bg-background-color has-background is-layout-flex wp-container-core-columns-is-layout-9d6595d7 wp-block-columns-is-layout-flex\">\n<div class=\"wp-block-column is-layout-flow wp-block-column-is-layout-flow\">\n<p class=\"has-small-font-size\"><strong>Wo geht&#8217;s lang?<br><\/strong>2014 Homestudio Logic Pro<br>\u00a9 Alexander Fiebrandt<\/p>\n<\/div>\n\n\n\n<div class=\"wp-block-column is-layout-flow wp-block-column-is-layout-flow\">\n<figure class=\"wp-block-audio\"><audio controls src=\"https:\/\/www.fiebrandt.de\/alexander\/wp-content\/uploads\/Alexander Fiebrandt-wogehtslang.mp3\"><\/audio><\/figure>\n<\/div>\n<\/div>\n\n\n\n<div style=\"height:100px\" aria-hidden=\"true\" class=\"wp-block-spacer\"><\/div>\n\n\n\n<div class=\"wp-block-columns has-nv-light-bg-background-color has-background is-layout-flex wp-container-core-columns-is-layout-9d6595d7 wp-block-columns-is-layout-flex\">\n<div class=\"wp-block-column is-layout-flow wp-block-column-is-layout-flow\">\n<p class=\"has-small-font-size\"><strong>Fans der Eintracht<br><\/strong>2011 Homestudio Garageband<br>\u00a9 Alexander Fiebrandt<\/p>\n\n\n\n<p class=\"has-small-font-size\">Mit diesem Beitrag kam ich 2011 bei einem Musikwettbewerb von Eintracht Frankfurt unter die Top 10 und sollte mit auf eine Fan-CD. Dann kamen schlechte Nachrichten.<\/p>\n\n\n\n<div class=\"wp-block-buttons is-layout-flex wp-block-buttons-is-layout-flex\">\n<div class=\"wp-block-button\"><a class=\"wp-block-button__link has-nv-site-bg-color has-text-color wp-element-button\" href=\"https:\/\/www.fiebrandt.de\/alexander\/im-studio-bzw-stadion-bei-eintracht-frankfurt\/\"><em>mehr<\/em><\/a><\/div>\n<\/div>\n<\/div>\n\n\n\n<div class=\"wp-block-column is-layout-flow wp-block-column-is-layout-flow\">\n<figure class=\"wp-block-audio\"><audio controls src=\"https:\/\/www.fiebrandt.de\/alexander\/wp-content\/uploads\/Alexander Fiebrandt-Fans-der-Eintracht.mp3\"><\/audio><\/figure>\n<\/div>\n<\/div>\n\n\n\n<div style=\"height:100px\" aria-hidden=\"true\" class=\"wp-block-spacer\"><\/div>\n\n\n\n<div class=\"wp-block-columns has-nv-text-dark-bg-background-color has-background is-layout-flex wp-container-core-columns-is-layout-9d6595d7 wp-block-columns-is-layout-flex\">\n<div class=\"wp-block-column is-layout-flow wp-block-column-is-layout-flow\">\n<p class=\"has-small-font-size\"><strong>The only thing that kicks my ass is Polka<\/strong><br>1998 In irgendeinem Studio in Trier<br>\u00a9 The Shanes<\/p>\n\n\n\n<p class=\"has-small-font-size\">Eine Erinnerung an THE SHANES muss sein. Von 1995 bis 1998 bin ich mit der Polka-Truppe ganz sch\u00f6n rumgekommen. Habe viele Drumsticks verkloppt und viele Kilometer im Bandbus zur\u00fcckgelegt.<\/p>\n\n\n\n<figure class=\"wp-block-gallery has-nested-images columns-default is-cropped wp-block-gallery-1 is-layout-flex wp-block-gallery-is-layout-flex\">\n<figure class=\"wp-block-image size-large\"><a href=\"https:\/\/www.fiebrandt.de\/alexander\/wp-content\/uploads\/Ohne-Titel-5-1-1.jpg\"><img loading=\"lazy\" decoding=\"async\" width=\"1354\" height=\"1079\" data-id=\"744\" src=\"https:\/\/www.fiebrandt.de\/alexander\/wp-content\/uploads\/Ohne-Titel-5-1-1.jpg\" alt=\"\" class=\"wp-image-744\" srcset=\"https:\/\/www.fiebrandt.de\/alexander\/wp-content\/uploads\/Ohne-Titel-5-1-1.jpg 1354w, https:\/\/www.fiebrandt.de\/alexander\/wp-content\/uploads\/Ohne-Titel-5-1-1-768x612.jpg 768w\" sizes=\"auto, (max-width: 1354px) 100vw, 1354px\" \/><\/a><\/figure>\n\n\n\n<figure class=\"wp-block-image size-large\"><a href=\"https:\/\/www.fiebrandt.de\/alexander\/wp-content\/uploads\/Ohne-Titel-3-1.jpg\"><img loading=\"lazy\" decoding=\"async\" width=\"939\" height=\"690\" data-id=\"745\" src=\"https:\/\/www.fiebrandt.de\/alexander\/wp-content\/uploads\/Ohne-Titel-3-1.jpg\" alt=\"\" class=\"wp-image-745\" srcset=\"https:\/\/www.fiebrandt.de\/alexander\/wp-content\/uploads\/Ohne-Titel-3-1.jpg 939w, https:\/\/www.fiebrandt.de\/alexander\/wp-content\/uploads\/Ohne-Titel-3-1-768x564.jpg 768w\" sizes=\"auto, (max-width: 939px) 100vw, 939px\" \/><\/a><\/figure>\n<\/figure>\n<\/div>\n\n\n\n<div class=\"wp-block-column is-layout-flow wp-block-column-is-layout-flow\">\n<figure class=\"wp-block-audio\"><audio controls src=\"https:\/\/www.fiebrandt.de\/alexander\/wp-content\/uploads\/shanes-the-only-thing.mp3\"><\/audio><\/figure>\n<\/div>\n<\/div>\n","protected":false},"excerpt":{"rendered":"<p>Video Audio Hier aus dem Archiv ein paar eigene Songs und ausgew\u00e4hlte Aufnahmen der letzten 20 Jahre. Das funktioniert nicht2020 Homestudio Logic Pro\u00a9 Alexander Fiebrandt Come together2020 Homestudio Logic Pro(Beatles Cover) Rock Hooray2020 Homestudio Logic Pro\u00a9 Alexander Fiebrandt Vita je u \u0161koli (Kroatisches Kinderlied)2019 Homestudio Logic Pro\u00a9 Alexander Fiebrandt Dieses Lied haben Tanja und ich&hellip;&nbsp;<a href=\"https:\/\/www.fiebrandt.de\/alexander\/mediathek\/\" class=\"\" rel=\"bookmark\">Weiterlesen &raquo;<span class=\"screen-reader-text\">Mediathek<\/span><\/a><\/p>\n","protected":false},"author":1,"featured_media":0,"parent":0,"menu_order":0,"comment_status":"closed","ping_status":"closed","template":"","meta":{"neve_meta_sidebar":"","neve_meta_container":"","neve_meta_enable_content_width":"","neve_meta_content_width":0,"neve_meta_title_alignment":"","neve_meta_author_avatar":"","neve_post_elements_order":"","neve_meta_disable_header":"","neve_meta_disable_footer":"","neve_meta_disable_title":"","footnotes":""},"class_list":["post-165","page","type-page","status-publish","hentry"],"_links":{"self":[{"href":"https:\/\/www.fiebrandt.de\/alexander\/wp-json\/wp\/v2\/pages\/165","targetHints":{"allow":["GET"]}}],"collection":[{"href":"https:\/\/www.fiebrandt.de\/alexander\/wp-json\/wp\/v2\/pages"}],"about":[{"href":"https:\/\/www.fiebrandt.de\/alexander\/wp-json\/wp\/v2\/types\/page"}],"author":[{"embeddable":true,"href":"https:\/\/www.fiebrandt.de\/alexander\/wp-json\/wp\/v2\/users\/1"}],"replies":[{"embeddable":true,"href":"https:\/\/www.fiebrandt.de\/alexander\/wp-json\/wp\/v2\/comments?post=165"}],"version-history":[{"count":88,"href":"https:\/\/www.fiebrandt.de\/alexander\/wp-json\/wp\/v2\/pages\/165\/revisions"}],"predecessor-version":[{"id":884,"href":"https:\/\/www.fiebrandt.de\/alexander\/wp-json\/wp\/v2\/pages\/165\/revisions\/884"}],"wp:attachment":[{"href":"https:\/\/www.fiebrandt.de\/alexander\/wp-json\/wp\/v2\/media?parent=165"}],"curies":[{"name":"wp","href":"https:\/\/api.w.org\/{rel}","templated":true}]}}